{"id":2,"date":"2016-05-10T03:48:21","date_gmt":"2016-05-10T03:48:21","guid":{"rendered":"https:\/\/ueberlebenlernen.de\/?page_id=2"},"modified":"2024-11-27T22:43:28","modified_gmt":"2024-11-27T22:43:28","slug":"sample-page","status":"publish","type":"page","link":"https:\/\/ueberlebenlernen.de\/?page_id=2","title":{"rendered":"Worum geht&#8217;s?"},"content":{"rendered":"\n<h3 class=\"wp-block-heading has-text-color\" style=\"color:#b20215\">\u00dcberLebensChancen \u2013 f\u00fcr ein besseres Morgen<\/h3>\n\n\n\n<p>Wir alle brauchen Ver\u00e4nderungen f\u00fcr ein besseres und gerechtes Morgen: Um Perspektiven f\u00fcr eine Zukunft zu entwickeln, in der alle Menschen gut leben k\u00f6nnen, nimmt die Brosch\u00fcre \u201e\u00dcberLebensChancen\u201c die Themen Wasser, Klimakrise und Ern\u00e4hrung in den Blick. Diese lassen sich nicht isoliert betrachten, sondern sind weltweit eng miteinander verbunden \u2013 und Bildung als weiteres Thema ist ein Schl\u00fcssel, um Ver\u00e4nderung zu initiieren.<\/p>\n\n\n\n<p>Die 120-seitige Arbeitshilfe kombiniert theoretische und praktische Aspekte, regionale und globale Facetten, k\u00fcnstlerische und kognitive Zug\u00e4nge und bietet so eine Vielfalt an Beitr\u00e4gen, die die Hoffnung bewahren, die positive Entwicklungen nachzeichnen oder dazu anregen, Praktiken und Entwicklungen zu multiplizieren und sich \u00fcber Nachahmenswertes auszutauschen. Dar\u00fcber hinaus zeigt sie alltagspraktische und politische Ver\u00e4nderungsm\u00f6glichkeiten auf: zukunftsweisende und hoffnungsvolle Ans\u00e4tze als Inspirationen f\u00fcr Ihre praktische Arbeit vor Ort!<\/p>\n\n\n\n<p><a href=\"https:\/\/ueberlebenlernen.de\/?page_id=87\" data-type=\"page\" data-id=\"87\">Kommen Sie mit uns ins Gespr\u00e4ch!<\/a><\/p>\n\n\n\n<p><em>\u00dcberLebens-Chancen ist ein Kooperationsprojekt von Misereor, der Stiftung ZASS und der KEB Deutschland.<\/em><\/p>\n","protected":false},"excerpt":{"rendered":"<p>\u00dcberLebensChancen \u2013 f\u00fcr ein besseres Morgen Wir alle brauchen Ver\u00e4nderungen f\u00fcr ein besseres und gerechtes Morgen: Um Perspektiven f\u00fcr eine Zukunft zu entwickeln, in der alle Menschen gut leben k\u00f6nnen, nimmt die Brosch\u00fcre \u201e\u00dcberLebensChancen\u201c die Themen Wasser, Klimakrise und Ern\u00e4hrung in den Blick. Diese lassen sich nicht isoliert betrachten, sondern sind weltweit eng miteinander verbunden [&hellip;]<\/p>\n","protected":false},"author":1,"featured_media":0,"parent":0,"menu_order":0,"comment_status":"closed","ping_status":"open","template":"","meta":{"footnotes":""},"class_list":["post-2","page","type-page","status-publish","hentry"],"_links":{"self":[{"href":"https:\/\/ueberlebenlernen.de\/index.php?rest_route=\/wp\/v2\/pages\/2","targetHints":{"allow":["GET"]}}],"collection":[{"href":"https:\/\/ueberlebenlernen.de\/index.php?rest_route=\/wp\/v2\/pages"}],"about":[{"href":"https:\/\/ueberlebenlernen.de\/index.php?rest_route=\/wp\/v2\/types\/page"}],"author":[{"embeddable":true,"href":"https:\/\/ueberlebenlernen.de\/index.php?rest_route=\/wp\/v2\/users\/1"}],"replies":[{"embeddable":true,"href":"https:\/\/ueberlebenlernen.de\/index.php?rest_route=%2Fwp%2Fv2%2Fcomments&post=2"}],"version-history":[{"count":8,"href":"https:\/\/ueberlebenlernen.de\/index.php?rest_route=\/wp\/v2\/pages\/2\/revisions"}],"predecessor-version":[{"id":318,"href":"https:\/\/ueberlebenlernen.de\/index.php?rest_route=\/wp\/v2\/pages\/2\/revisions\/318"}],"wp:attachment":[{"href":"https:\/\/ueberlebenlernen.de\/index.php?rest_route=%2Fwp%2Fv2%2Fmedia&parent=2"}],"curies":[{"name":"wp","href":"https:\/\/api.w.org\/{rel}","templated":true}]}}